3?
0
What is the units digit of 40066429?
9
What is the ten millions digit of 30990977?
3
What is the ten thousands digit of 48980614?
8
What is the hundred thousands digit of 75178063?
1
What is the tens digit of 614616153?
5
What is the millions digit of 81653213?
1
What is the hundred thousands digit of 1465309828?
3
What is the millions digit of 54100863?
4
What is the units digit of 123323534?
4
What is the millions digit of 2527857651?
7
What is the ten thousands digit of 110444985?
4
What is the units digit of 4103978?
8
What is the millions digit of 424002525?
4
What is the units digit of 880853426?
6
What is the ten millions digit of 157089212?
5
What is the hundred millions digit of 133854546?
1
What is the thousands digit of 902125161?
5
What is the hundred thousands digit of 2870598706?
5
What is the ten thousands digit of 21819463?
1
What is the ten millions digit of 116239507?
1
What is the hundred millions digit of 433309822?
4
What is the tens digit of 249353510?
1
What is the ten thousands digit of 248188892?
8
What is the thousands digit of 398228200?
8
What is the tens digit of 334157910?
1
What is the millions digit of 1322852572?
2
What is the millions digit of 42335310?
2
What is the hundred thousands digit of 31673145?
6
What is the ten thousands digit of 313674494?
7
What is the units digit of 47686664?
4
What is the hundred millions digit of 422396421?
4
What is the ten thousands digit of 867393982?
9
What is the hundred thousands digit of 2656007352?
0
What is the tens digit of 4170095199?
9
What is the units digit of 39048818?
8
What is the thousands digit of 657167255?
7
What is the thousands digit of 256699407?
9
What is the thousands digit of 914334145?
4
What is the ten thousands digit of 27133959?
3
What is the millions digit of 34938289?
4
What is the thousands digit of 205598922?
8
What is the millions digit of 688499097?
8
What is the hundred millions digit of 160606484?
1
What is the hundreds digit of 34534277?
2
What is the thousands digit of 58244134?
4
What is the units digit of 3616318229?
9
What is the hundreds digit of 1045901235?
2
What is the ten thousands digit of 44540203?
4
What is the thousands digit of 9058206726?
6
What is the billions digit of 3947424478?
3
What is the hundred thousands digit of 463593778?
5
What is the hundred thousands digit of 1713204607?
2
What is the units digit of 6079997572?
2
What is the tens digit of 248407962?
6
What is the hundred thousands digit of 1759515632?
5
What is the tens digit of 9120166?
6
What is the hundreds digit of 5317111532?
5
What is the ten millions digit of 2695157611?
9
What is the tens digit of 118657523?
2
What is the units digit of 17959319?
9
What is the units digit of 9890119?
9
What is the hundreds digit of 1360744113?
1
What is the thousands digit of 96816736?
6
What is the units digit of 402009?
9
What is the ten millions digit of 49253865?
4
What is the thousands digit of 194590927?
0
What is the units digit of 156055927?
7
What is the thousands digit of 1120243997?
3
What is the ten thousands digit of 9677927?
7
What is the ten millions digit of 40810634?
4
What is the ten millions digit of 1014244474?
1
What is the hundreds digit of 23053223?
2
What is the ten thousands digit of 48479462?
7
What is the hundreds digit of 136389712?
7
What is the tens digit of 65377196?
9
What is the hundred thousands digit of 10584364?
5
What is the thousands digit of 3084672925?
2
What is the ten thousands digit of 33603677?
0
What is the tens digit of 53036834?
3
What is the hundred thousands digit of 57448305?
4
What is the units digit of 196108799?
9
What is the thousands digit of 39600409?
0
What is the tens digit of 4031592631?
3
What is the ten millions digit of 52571631?
5
What is the hundred thousands digit of 88847724?
8
What is the ten millions digit of 2249923155?
4
What is the ten thousands digit of 630662233?
6
What is the hundreds digit of 15405246?
2
What is the ten thousands digit of 241376941?
7
What is the hundreds digit of 3009292?
2
What is the hundred thousands digit of 1620148396?
1
What is the units digit of 2161628161?
1
What is the tens digit of 43173149?
4
What is the ten millions digit of 76939304?
7
What is the tens digit of 261900291?
9
What is the tens digit of 850806658?
5
What is the tens digit of 2276567359?
5
What is the ten thousands digit of 699324700?
2
What is the billions digit of 5676048538?
5
What is the tens digit of 2827981243?
4
What is the ten millions digit of 1011904588?
1
What is the hundred millions digit of 3003234431?
0
What is the hundreds digit of 3924046?
0
What is the thousands digit of 3233822701?
2
What is the millions digit of 262340822?
2
What is the ten thousands digit of 44386457?
8
What is the hundreds digit of 35659732?
7
What is the ten millions digit of 19428426?
1
What is the ten thousands digit of 196045566?
4
What is the units digit of 78337513?
3
What is the hundreds digit of 3850676143?
1
What is the ten thousands digit of 72067739?
6
What is the tens digit of 781563657?
5
What is the hundred thousands digit of 203530970?
5
What is the tens digit of 53823368?
6
What is the hundred thousands digit of 47751569?
7
What is the tens digit of 237525634?
3
What is the thousands digit of 95839678?
9
What is the tens digit of 34419375?
7
What is the hundreds digit of 367733743?
7
What is the thousands digit of 500487807?
7
What is the ten millions digit of 527823642?
2
What is the tens digit of 1214527221?
2
What is the thousands digit of 3310522973?
2
What is the hundreds digit of 19138629?
6
What is the thousands digit of 473431524?
1
What is the tens digit of 25170299?
9
What is the tens digit of 685818013?
1
What is the millions digit of 12768617?
2
What is the ten thousands digit of 7841835?
4
What is the thousands digit of 42924820?
4
What is the units digit of 14720345?
5
What is the hundred thousands digit of 29621275?
6
What is the ten thousands digit of 55028679?
2
What is the thousands digit of 1706005731?
5
What is the hundreds digit of 74226193?
1
What is the hundred millions digit of 1194538488?
1
What is the tens digit of 780778441?
4
What is the tens digit of 74576648?
4
What is the hundred millions digit of 288554633?
2
What is the ten thousands digit of 249081367?
8
What is the tens digit of 219394161?
6
What is the ten thousands digit of 64715781?
1
What is the tens digit of 8465311?
1
What is the billions digit of 5252054336?
5
What is the hundred millions digit of 2003888656?
0
What is the ten millions digit of 135489223?
3
What is the units digit of 56579470?
0
What is the ten thousands digit of 180671155?
7
What is the tens digit of 42110315?
1
What is the hundred millions digit of 889612826?
8
What is the ten thousands digit of 607319425?
1
What is the thousands digit of 285784241?
4
What is the billions digit of 1379122998?
1
What is the tens digit of 522870612?
1
What is the units digit of 464652641?
1
What is the hundred thousands digit of 1890300763?
3
What is the hundreds digit of 799558541?
5
What is the ten millions digit of 17712642?
1
What is the hundred millions digit of 3152209827?
1
What is the thousands digit of 260781880?
1
What is the billions digit of 8391362223?
8
What is the ten millions digit of 27885327?
2
What is the hundreds digit of 4975843?
8
What is the millions digit of 25355903?
5
What is the hundred millions digit of 3919995736?
9
What is the units digit of 969211698?
8
What is the hundred thousands digit of 70762797?
7
What is the hundred thousands digit of 581296555?
2
What is the ten thousands digit of 52180015?
8
What is the tens digit of 100082527?
2
What is the units digit of 113559057?
7
What is the millions digit of 1482947644?
2
What is the ten millions digit of 1895182689?
9
What is the thousands digit of 13441502?
1
What is the millions digit of 5144518392?
4
What is the hundred thousands digit of 152264846?
2
What is the tens digit of 174618840?
4
What is the ten millions digit of 2329089983?
2
What is the hundreds digit of 298194554?
5
What is the thousands digit of 1056147313?
7
What is the millions digit of 17856198?
7
What is the hundreds digit of 86235082?
0
What is the thousands digit of 71744124?
4
What is the ten mil